 3*g + 36. Let u be k(-8). Suppose -316 = -0*n - 4*n. Let w = u + n. What is the highest common factor of 216 and w?
27
Suppose 27*h + 4*h - 527 = 0. Suppose 55 = -h*u + 548. Suppose -1595 = -5*t - 4*o, o + 0*o = 0. Calculate the greatest common factor of u and t.
29
Suppose -w = 5*c - 125, -7*w + c + 677 = -2*w. Suppose 4*h = -5*g + 365, -5*g + 415 = 3*h + 140. Calculate the highest common divisor of w and h.
45
Let x be (-205)/(-35) - ((-16)/14 + 1). Suppose 0 = -x*v + 2 + 46. What is the highest common factor of 376 and v?
8
Let q = -363 + 366. Suppose -5*r + r = q*m - 532, 2*r - 5*m = 292. Calculate the greatest common divisor of 85 and r.
17
Let x = -2316 + 2849. Calculate the greatest common factor of 451 and x.
41
Let q be 21462/119 - 18/51. What is the highest common divisor of 4050 and q?
90
Let i be (1142 - 998)/((-6)/(-8) - 2/(-8)). Calculate the greatest common factor of i and 2832.
48
Let t be (-3)/(-2)*(-42000)/(-450). What is the greatest common factor of t and 154?
14
Suppose r = -3*l + 322, 2*l - r + 567 = 790. What is the highest common divisor of 2 and l?
1
Let g be 11 + (3/3 - 3)/(-2). Suppose -k + 507 = 291. Calculate the highest common divisor of k and g.
12
Suppose -27*o = 6*o - 693. Suppose 13 - o = -p. Calculate the highest common divisor of 36 and p.
4
Let j be (41/3)/((0 - -4)/12). Let z(g) = -5 + 6*g**2 + j*g + 8 - 3 - 3. Let l be z(-10). Calculate the greatest common factor of l and 17.
17
Let n be (-2)/8 + (-65)/(-4). Suppose 17*d - 72 = 13. Suppose -d*l = -2*y + 145, 3*y - 3*l = 2*l + 225. What is the greatest common divisor of n and y?
16
Let h = -8676 - -13590. What is the highest common factor of 910 and h?
182
Let a(v) = -v**3 + 16*v**2 - 31*v - 99. Let d be a(9). Calculate the highest common divisor of d and 1782.
27
Suppose 5*y = 9*y - 32*y. Suppose 5*u - 4*u = -a + 60, -a - 3*u + 68 = y. Calculate the highest common factor of 40 and a.
8
Let n(d) = d**2 + 10*d + 8. Let y be n(-10). Suppose -9*c + 1152 = -0*c. Calculate the highest common divisor of c and y.
8
Let w = 10 + 6. Let n(g) = -g**2 - 15*g - 52. Let r be n(-6). Suppose -o = -r*x + 36, -3*x + 60 = -42*o + 39*o. Calculate the highest common divisor of w and x.
16
Suppose -139*o - 9*o + 6374 = -5170. Let u = 79 - 53. What is the greatest common factor of u and o?
26
Suppose s + 86 = 6*s + 3*w, 0 = -4*w + 8. Suppose 13*g - 19*g = -543 - 129. Calculate the highest common factor of s and g.
16
Suppose k + 4 + 0 = 3*l, 3*k - 2*l = 23. Suppose 2*r - 47 = j, -2*r + 8*j - k*j = -35. What is the greatest common divisor of 374 and r?
22
Suppose 0 = -4*c - 2*w + 180, 180 = 4*c - 2*w + 6*w. Calculate the highest common factor of 171 and c.
9
Let i = -220 - -269. Let u = -41 + 46. Suppose t - u*k + 5 = -1, -2*k - 6 = -t. What is the greatest common divisor of i and t?
7
Let k be 50/250 + 27002/(-10). Let d be ((-8)/6)/(2706/k - -1). Calculate the greatest common factor of 24 and d.
24
Let v = -3446 + 3530. What is the greatest common divisor of v and 51?
3
Let y(u) = 41*u**2 + 17*u - 18. Let i be y(1). What is the highest common divisor of i and 1410?
10
Let w = 3 + 1. Suppose 3*l + 0 = 5*t + 13, -3*t + w*l + 1 = 0. Let c be (t - 2)*(-3 - 12). Calculate the highest common divisor of c and 21.
21
Let y = -23218 + 47740. What is the highest common divisor of y and 134?
134
Let l be (-11)/(66/48) - -287. Suppose 2*s + 3*x = l, s + x - 55 = 82. Calculate the highest common divisor of 24 and s.
12
Suppose 15*d - 15 = 20*d. Let c be 28/6 - 1/d. Suppose 4*v - 47 = c*w, 31 = 4*v - 2*w - 7. Calculate the highest common factor of v and 4.
4
Let b be 30/(-7) - (120/(-28) - -4). Let n be (11/b)/((-4)/16). Suppose -n*j + 234 = -2*j. What is the highest common divisor of j and 39?
13
Let d(h) be the first derivative of 2*h**2 + 66*h + 18. Let s be d(11). Let z = -2 + 12. Calculate the greatest common divisor of s and z.
10
Let q be 10/35 + (-12065)/(-133). What is the greatest common divisor of 13 and q?
13
Let q(g) = 8*g**2 - 11*g - 5. Let b be q(5). Let o = b + -113. Calculate the highest common factor of o and 234.
9
Let r be 135/5 + -24 + 6289 + -2 + 2. Calculate the greatest common divisor of 520 and r.
52
Let c be -42*(-15)/35 + 987. What is the greatest common divisor of 90 and c?
15
Suppose -p = 5*w - 8*w + 77, 135 = 5*w + 5*p. Let s(v) = 20*v - 3. Let n be s(6). What is the highest common divisor of w and n?
13
Let t(h) = 1208*h + 7268. Let s be t(-6). What is the greatest common divisor of s and 1130?
10
Suppose -v = 4, -v - 4*v - 29 = -3*x. Let w be 1*x/(-1) - -76. Let i = w - 49. What is the greatest common factor of 3 and i?
3
Let w = -350 + 1118. Suppose -2*v - w = -18*v. Let i(y) = 16*y**3 + y**2 - 1. Let g be i(1). Calculate the greatest common factor of g and v.
16
Suppose 4*d = 3*d. Let h be 72/3*32/(-48). Let f = d - h. What is the highest common factor of f and 16?
16
Let l = -11 + 5. Let r be 12/(-21)*21/l. Suppose -b + 5*n + 31 = 0, -b + r*n + 4 = 6*n. Calculate the greatest common factor of b and 8.
8
Let x(w) = 123*w. Let y be x(-4). Let i = y - -518. Calculate the highest common divisor of i and 234.
26
Let j(u) be the first derivative of -u**4/4 - u**3/3 + 4*u**2 - 10*u + 39. Let w be j(-5). Calculate the greatest common factor of w and 10.
10
Suppose -4*a + 1379 = -717. Let z = a + -505. What is the greatest common factor of 437 and z?
19
Let n be (-539)/21 + 2/3. Let v = -5 + n. Let x be (3 - (-9)/(-6))/((-3)/v). What is the greatest common factor of x and 3?
3
Let h(v) = 9*v**2 - 1. Let i be h(1). Suppose 6*o - 28 + 58 = 0. Let r be (o - (-309)/(-15))/((-4)/10). Calculate the highest common divisor of r and i.
8
Suppose 165*w = -60*w + 173250. What is the highest common factor of 330 and w?
110
Suppose 38 = 2*l + 34. Suppose -q + 59 + 20 = 2*k, k + l*q - 32 = 0. Let h = k + -28. Calculate the highest common divisor of 182 and h.
14
Suppose -24 = -2*t - 5*x, -2*t = -3*t - 4*x + 9. Let d = 222 - t. Calculate the greatest common factor of d and 41.
41
Let m = -132 + 286. Let w = 241 + -175. What is the greatest common divisor of m and w?
22
Suppose -7*h + 12*h - 15 = 0. Let f be -2*h/6 + 185. Suppose -3*k - 16 = -f. What is the greatest common divisor of 28 and k?
28
Suppose 69 = -5*j - z, 3*j - 2*z = -6*z - 38. Let q be (-4 - 145/(-35)) + (-866)/j. Calculate the greatest common divisor of 682 and q.
62
Suppose -4*d + 140 = d + 2*i, -4*d = -i - 99. Suppose 0*u - 3*u = 6. Let f be 2 - (1704/(-18))/(u/(-6)). What is the greatest common factor of f and d?
26
Let m = -131 + 150. Let r = 3 + -6. Let i = r + m. Calculate the highest common divisor of i and 8.
8
Suppose 0 = -24*c + 29*c + 3*n - 192, -161 = -4*c + 5*n. What is the greatest common factor of c and 195?
39
Suppose 5*m = 75 - 5. Suppose -314*p = 4042 - 4306 - 19518. Calculate the highest common factor of m and p.
7
Let k = 259 - 257. Let v be 40/k*18/12*1. Calculate the highest common factor of 80 and v.
10
Suppose 68*q - 60*q = 3728. Let m = q - 389. What is the greatest common factor of m and 14?
7
Let o be (312/91)/(1 - (-12)/(-14)). Suppose -15*q = -423 - 252. Let t = q - o. What is the greatest common divisor of 28 and t?
7
Let b = -331 + 484. Let v = -639 - -639. Suppose 45*g - 55 = 42*g + 2*m, v = 2*g + 5*m - 24. Calculate the greatest common divisor of b and g.
17
Suppose -23 = -m - 5*t, -t - 11 = -0*m - m. Let h = m + -11. Calculate the highest common divisor of h and 10.
2
Let l = 137 - 132. Suppose l*i + y = 376, 0*i - i = y - 76. Calculate the highest common divisor of i and 100.
25
Suppose 27 = 2*x - 5*d, x - 3*d - d - 12 = 0. Suppose -22*m - x*m + 10260 = 0. What is the highest common factor of m and 60?
30
Let j = -962 + 1087. What is the greatest common factor of j and 100?
25
Let x(w) = 4*w**2 - 14*w - 16. Let y be x(-5). What is the greatest common divisor of y and 119?
7
Let g = -281 - 310. Let t = g + 608. Calculate the highest common factor of t and 68.
17
Let v be (-4)/(-3)*(-18 - (-500346)/152). Calculate the highest common divisor of v and 90.
45
Let l(d) = 16*d. Let k be l(5). Let b be (45/2)/(117/312). Suppose 178*q - b = 172*q. Calculate the greatest common factor of k and q.
10
Suppose -23*j - 47*j + 306180 = 0. Calculate the greatest common factor of j and 108.
